 what is -205 - -206103?
205565
In base 15, what is 11 + -126669?
-126658
In base 16, what is -ceb8f + -158?
-cece7
In base 15, what is -1155bb3d - -1?
-1155bb3c
In base 12, what is 1 - -13760691?
13760692
In base 2, what is 101111101111 + -10001101100?
11110000011
In base 6, what is -10334421255 - 3?
-10334421302
In base 15, what is 466 - -185e?
1cc5
In base 13, what is 0 - -4b33c7?
4b33c7
In base 12, what is 2284 - 6064?
-39a0
In base 5, what is -13423 - 33322?
-102300
In base 8, what is 150225026 - -22?
150225050
In base 5, what is -1023 - -3000241010?
3000234432
In base 9, what is -141358 + 28?
-141330
In base 14, what is -3d - -55031?
54dd2
In base 14, what is -b7d0573b - -1?
-b7d0573a
In base 14, what is b9 + -6704?
-6629
In base 9, what is 8 - -1132223?
1132232
In base 16, what is b + 17071?
1707c
In base 10, what is -209086422 + -3?
-209086425
In base 9, what is -31756560 + 21?
-31756538
In base 6, what is -122 - -1234423343?
1234423221
In base 3, what is 2 - -120221210002121?
120221210002200
In base 8, what is -5 + 222667520?
222667513
In base 16, what is 2d7 + -f85?
-cae
In base 16, what is -1f7 + -c0163?
-c035a
In base 8, what is 1446 - -263036?
264504
In base 12, what is -58 + 26a836?
26a79a
In base 10, what is 24524 + 3021?
27545
In base 4, what is 11313101201 + 31?
11313101232
In base 10, what is 4 + -94815611?
-94815607
In base 16, what is 3bb2d59a - -1?
3bb2d59b
In base 3, what is 1 + 12200011111122021?
12200011111122022
In base 6, what is -5 + 1224245?
1224240
In base 6, what is 233402511 - 2?
233402505
In base 10, what is -8 + 14324024?
14324016
In base 9, what is 136 + 545353?
545500
In base 4, what is 0 - 1200010012123?
-1200010012123
In base 15, what is -4 + 4a936?
4a932
In base 10, what is 520010 + -324?
519686
In base 11, what is 6 + -744a69a?
-744a694
In base 11, what is -435148 + 379?
-43487a
In base 12, what is 1022aa2 + -2?
1022aa0
In base 3, what is 2010222 + -101010022?
-21222100
In base 13, what is -2bb96a0 + 4?
-2bb9699
In base 12, what is -121 - 36ab9?
-3701a
In base 11, what is 3348a1 + 21?
334912
In base 8, what is -640 - 1324134?
-1324774
In base 5, what is 14 + 110121241?
110121310
In base 11, what is 1672903 - 70?
1672843
In base 9, what is -587068175 - 3?
-587068178
In base 2, what is -10 - -100010111011100001000110?
100010111011100001000100
In base 12, what is -150a6 - -9926?
-7380
In base 15, what is -155c + a4?
-14a8
In base 2, what is -10110110011001 + -110000111?
-10111100100000
In base 6, what is -152150 - 22213?
-214403
In base 6, what is 11 - 1005013243?
-1005013232
In base 4, what is -3013 - 10223121?
-10232200
In base 15, what is -18c408 + -2d?
-18c436
In base 7, what is -2 + 13664062114?
13664062112
In base 16, what is -131cf - 87?
-13256
In base 9, what is -1 + 8830683?
8830682
In base 4, what is 221000132031333 - -1?
221000132032000
In base 11, what is 18 - 3816211?
-38161a4
In base 6, what is -4 + 1435532234?
1435532230
In base 6, what is 11505201 + -52?
11505105
In base 13, what is 3316 - -209?
3522
In base 11, what is -9 - 389972?
-389980
In base 6, what is -2043 + -520344?
-522431
In base 10, what is 36866624 - 1?
36866623
In base 13, what is -9382a - -44b?
-933ac
In base 5, what is 30102 + 2234441?
2320043
In base 8, what is 16 - -4536730?
4536746
In base 7, what is 20 + -6014013?
-6013663
In base 8, what is 1362323 + 200?
1362523
In base 5, what is -1001333300 + -1024?
-1001334324
In base 14, what is -13 + 43891?
4387c
In base 6, what is -4531502 - -32?
-4531430
In base 16, what is 9 - -610ece8?
610ecf1
In base 9, what is 3 - 4027807?
-4027804
In base 14, what is 0 + -85c1c70?
-85c1c70
In base 2, what is -10111010001011100010001 + 100000?
-10111010001011011110001
In base 7, what is -1656420141 + -4?
-1656420145
In base 13, what is 9432 - -572a?
11b5c
In base 11, what is 60090402a - 1?
600904029
In base 12, what is 1a03 + -38a?
1635
In base 13, what is -220 - -5779?
5559
In base 8, what is -715525213 + -2?
-715525215
In base 12, what is 8a372 + -3?
8a36b
In base 6, what is -115033130 - -1?
-115033125
In base 10, what is -7 - 2935268?
-2935275
In base 7, what is -5226432 + -15?
-5226450
In base 2, what is -110011 + 1001100001100000010000?
1001100001011111011101
In base 12, what is 13 - -261aa48?
261aa5b
In base 9, what is -2 - -21204351?
21204348
In base 4, what is -23 + 2302131010?
2302130321
In base 8, what is 332 + 131125?
131457
In base 9, what is 1562 + 275?
1847
In base 2, what is 1001100100110111000 + -11?
1001100100110110101
In base 8, what is 23 + 44664076?
44664121
In base 3, what is 22 - -21121101211111?
21121101211210
In base 11, what is -5 + -1824a041a?
-1824a0424
In base 9, what is -360757 + 81?
-360666
In base 3, what is 10010021 + -112222000?
-102211202
In base 3, what is 2001002200010212010 + 12?
2001002200010212022
In base 14, what is 5b61c42 + 25?
5b61c67
In base 3, what is 2 + 211100100121200021?
211100100121200100
In base 2, what is 1010100101011010 + -110101?
1010100100100101
In base 4, what is -10 - 1111333301332?
-1111333302002
In base 9, what is -3 - -3145213?
3145210
In base 6, what is 2002241 + 1541?
2004222
In base 3, what is -222220012020 + -10?
-222220012100
In base 15, what is 8127 - -342?
8469
In base 4, what is 11322302 + -21200?
11301102
In base 12, what is -2 - -328ab87?
328ab85
In base 13, what is -1001 - -5000b?
4c00a
In base 8, what is 272737306 + -5?
272737301
In base 10, what is -5 + 5789032?
5789027
In base 10, what is -1033485 - -67?
-1033418
In base 14, what is -2 + 66117a?
661178
In base 6, what is -1513252 - -451?
-1512401
In base 14, what is 6 - 9b95925?
-9b9591d
In base 2, what is 100100110100101011101100000 - 100?
100100110100101011101011100
In base 3, what is 11 - 100011222021110012?
-100011222021110001
In base 13, what is -7 - 13b78723?
-13b7872a
In base 6, what is 334103154 - -5?
334103203
In base 16, what is -6 - -44d08ee?
44d08e8
In base 16, what is 5f + -3aa9e?
-3aa3f
In base 4, what is -33012031203 - -1?
-33012031202
In base 10, what is -4 - 865396?
-865400
In base 5, what is -43213012 - -20?
-43212442
In base 4, what is 3101103203122 - 2?
3101103203120
In base 14, what is -93 - c12bb2?
-c12c65
In base 8, what is 2317472 + -1346?
2316124
In base 12, what is -4 - 947b5b?
-947b63
In base 12, what is -156 + 197b93?
197a39
In base 10, what is -113839071 - 8?
-113839079
In base 11, what is -1287 - 274a75?
-276251
In base 13, what is 5344b6 + 1?
5344b7
In base 2, what is -1101001101111001101010101010 - 100?
-1101001101111001101010101110
In base 2, what is -1000110101000 + 11100110101?
-101001110011
In base 9, what is -62141 + -1048?
-63200
In base 5, what is 14 + 341202333?
341202402
In base 6, what is 5233110445 - 1?
5233110444
In base 5, what is -2020004040 - -204?
-2020003331
In base 14, what is -19859aa6 - 4?
-19859aaa
In base 12, what is -6 - -3448a1?
344897
In base 7, what is 1522552 - 30?
1522522
In base 5, what is -1104144203 - 10?
-1104144213
In base 8, what is -15 - -11326562?
11326545
In base 9, what is 578 + 273325?
274014
In base 9, what is -628 + -144755?
-145484
In base 9, what is 380300147 + 2?
380300150
In base 9, what is -1358 - -36027?
34558
In base 15, what is a22e2a + -3?
a22e27
In base 9, what is -61245 - 324?
-61570
In base 11, what is -95 - -52134?
5204a
In base 2, what is 11101011000101 + 10010110?
11101101011011
In base 11, what is 32207 + a89?
33195
In base 16, what is 385 - -2800d?
28392
In base 2, what is 11 - 1001111101000000001101110111?
-1001111101000000001101110100
In base 2, what is 1000110100010011101011 - 101?
1000110100010011100110
In base 13, what is 3960c798 + 2?
3960c79a
In base 14, what is -450d0 - 91?
-45181
In base 13, what is -b8ba324 - 2?
-b8ba326
In base 9, what is -13014 + -4486?
-17511
In base 11, what is 36921659 - 5?
36921654
In base 7, what is 36 - -30536032?
30536101
In base 5, what is 4201 - -20314220?
20323421
In base 13, what is -24148 - -532b?
-1bb1a
In base 14, what is 103021 + 6c9?
10370a
In base 16, what is 34c63 + -90?
34bd3
In base 2, what is 1111011101010011101 - -1001100?
1111011101011101001
In base 13, what is -163 + 18944?
187b1
In base 9, what is -64 - 2148677?
-2148752
In base 4, what is 0 + 1231121200220?
1231121200220
In base 11, what is 9666473 - -6?
9666479
In base 7